{"id":336,"date":"2023-02-10T01:43:41","date_gmt":"2023-02-10T01:43:41","guid":{"rendered":"https:\/\/riveravivanco.com\/?page_id=336"},"modified":"2023-02-28T17:22:36","modified_gmt":"2023-02-28T17:22:36","slug":"tehuitzingo","status":"publish","type":"page","link":"https:\/\/riveravivanco.com\/index.php\/tehuitzingo\/","title":{"rendered":"TEHUITZINGO"},"content":{"rendered":"\t\t<div data-elementor-type=\"wp-page\" data-elementor-id=\"336\" class=\"elementor elementor-336\">\n\t\t\t\t\t\t\t\t\t<section class=\"elementor-section elementor-top-section elementor-element elementor-element-fb13bf7 elementor-section-boxed elementor-section-height-default elementor-section-height-default\" data-id=\"fb13bf7\" data-element_type=\"section\">\n\t\t\t\t\t\t<div class=\"elementor-container elementor-column-gap-default\">\n\t\t\t\t\t<div class=\"elementor-column elementor-col-100 elementor-top-column elementor-element elementor-element-62ef696\" data-id=\"62ef696\" data-element_type=\"column\">\n\t\t\t<div class=\"elementor-widget-wrap elementor-element-populated\">\n\t\t\t\t\t\t\t\t<div class=\"elementor-element elementor-element-a582287 elementor-widget elementor-widget-heading\" data-id=\"a582287\" data-element_type=\"widget\" data-widget_type=\"heading.default\">\n\t\t\t\t<div class=\"elementor-widget-container\">\n\t\t\t<style>\/*! elementor - v3.14.0 - 26-06-2023 *\/\n.elementor-heading-title{padding:0;margin:0;line-height:1}.elementor-widget-heading .elementor-heading-title[class*=elementor-size-]>a{color:inherit;font-size:inherit;line-height:inherit}.elementor-widget-heading .elementor-heading-title.elementor-size-small{font-size:15px}.elementor-widget-heading .elementor-heading-title.elementor-size-medium{font-size:19px}.elementor-widget-heading .elementor-heading-title.elementor-size-large{font-size:29px}.elementor-widget-heading .elementor-heading-title.elementor-size-xl{font-size:39px}.elementor-widget-heading .elementor-heading-title.elementor-size-xxl{font-size:59px}<\/style><h2 class=\"elementor-heading-title elementor-size-default\">TEHUITZINGO<\/h2>\t\t<\/div>\n\t\t\t\t<\/div>\n\t\t\t\t<div class=\"elementor-element elementor-element-d8989a3 elementor-widget elementor-widget-accordion\" data-id=\"d8989a3\" data-element_type=\"widget\" data-widget_type=\"accordion.default\">\n\t\t\t\t<div class=\"elementor-widget-container\">\n\t\t\t<style>\/*! elementor - v3.14.0 - 26-06-2023 *\/\n.elementor-accordion{text-align:left}.elementor-accordion .elementor-accordion-item{border:1px solid #d5d8dc}.elementor-accordion .elementor-accordion-item+.elementor-accordion-item{border-top:none}.elementor-accordion .elementor-tab-title{margin:0;padding:15px 20px;font-weight:700;line-height:1;cursor:pointer;outline:none}.elementor-accordion .elementor-tab-title .elementor-accordion-icon{display:inline-block;width:1.5em}.elementor-accordion .elementor-tab-title .elementor-accordion-icon svg{width:1em;height:1em}.elementor-accordion .elementor-tab-title .elementor-accordion-icon.elementor-accordion-icon-right{float:right;text-align:right}.elementor-accordion .elementor-tab-title .elementor-accordion-icon.elementor-accordion-icon-left{float:left;text-align:left}.elementor-accordion .elementor-tab-title .elementor-accordion-icon .elementor-accordion-icon-closed{display:block}.elementor-accordion .elementor-tab-title .elementor-accordion-icon .elementor-accordion-icon-opened,.elementor-accordion .elementor-tab-title.elementor-active .elementor-accordion-icon-closed{display:none}.elementor-accordion .elementor-tab-title.elementor-active .elementor-accordion-icon-opened{display:block}.elementor-accordion .elementor-tab-content{display:none;padding:15px 20px;border-top:1px solid #d5d8dc}@media (max-width:767px){.elementor-accordion .elementor-tab-title{padding:12px 15px}.elementor-accordion .elementor-tab-title .elementor-accordion-icon{width:1.2em}.elementor-accordion .elementor-tab-content{padding:7px 15px}}.e-con-inner>.elementor-widget-accordion,.e-con>.elementor-widget-accordion{width:var(--container-widget-width);--flex-grow:var(--container-widget-flex-grow)}<\/style>\t\t<div class=\"elementor-accordion\">\n\t\t\t\t\t\t\t<div class=\"elementor-accordion-item\">\n\t\t\t\t\t<div id=\"elementor-tab-title-2271\" class=\"elementor-tab-title\" data-tab=\"1\" role=\"button\" aria-controls=\"elementor-tab-content-2271\" aria-expanded=\"false\">\n\t\t\t\t\t\t\t\t\t\t\t\t\t<span class=\"elementor-accordion-icon elementor-accordion-icon-left\" aria-hidden=\"true\">\n\t\t\t\t\t\t\t\t\t\t\t\t\t\t\t<span class=\"elementor-accordion-icon-closed\"><i class=\"fas fa-plus\"><\/i><\/span>\n\t\t\t\t\t\t\t\t<span class=\"elementor-accordion-icon-opened\"><i class=\"fas fa-minus\"><\/i><\/span>\n\t\t\t\t\t\t\t\t\t\t\t\t\t\t<\/span>\n\t\t\t\t\t\t\t\t\t\t\t\t<a class=\"elementor-accordion-title\" tabindex=\"0\">Poblaci\u00f3n:<\/a>\n\t\t\t\t\t<\/div>\n\t\t\t\t\t<div id=\"elementor-tab-content-2271\" class=\"elementor-tab-content elementor-clearfix\" data-tab=\"1\" role=\"region\" aria-labelledby=\"elementor-tab-title-2271\"><ul><li><p style=\"text-align: justify;\"><b style=\"background-color: var(--wp--preset--color--base); font-size: var(--wp--preset--font-size--medium);\"><span style=\"font-size: 12.0pt; line-height: 107%; font-family: Roboto; mso-bidi-font-family: 'Times New Roman';\">Poblaci\u00f3n:<\/span><\/b><span style=\"background-color: var(--wp--preset--color--base); font-size: 12pt; line-height: 107%; font-family: Roboto;\"> 12,672<\/span><\/p><\/li><li><p style=\"text-align: justify;\"><b><span style=\"font-size: 12.0pt; line-height: 107%; font-family: Roboto; mso-bidi-font-family: 'Times New Roman';\">Etimolog\u00eda:\u00a0<\/span><\/b><span style=\"font-family: Roboto; font-size: 12pt; background-color: var(--wp--preset--color--base);\">Del N\u00e1huatl: <\/span><i style=\"font-family: Roboto; font-size: 12pt; background-color: var(--wp--preset--color--base);\">ehuiztli-tzintli-co<\/i><span style=\"font-family: Roboto; font-size: 12pt; background-color: var(--wp--preset--color--base);\">\u00a0\u2018Piedra filosa-peque\u00f1a-lugar <\/span><b style=\"font-family: Roboto; font-size: 12pt; background-color: var(--wp--preset--color--base);\">\u201cLugar de piedritas filosas\u201d.<\/b><\/p><\/li><\/ul><\/div>\n\t\t\t\t<\/div>\n\t\t\t\t\t\t\t<div class=\"elementor-accordion-item\">\n\t\t\t\t\t<div id=\"elementor-tab-title-2272\" class=\"elementor-tab-title\" data-tab=\"2\" role=\"button\" aria-controls=\"elementor-tab-content-2272\" aria-expanded=\"false\">\n\t\t\t\t\t\t\t\t\t\t\t\t\t<span class=\"elementor-accordion-icon elementor-accordion-icon-left\" aria-hidden=\"true\">\n\t\t\t\t\t\t\t\t\t\t\t\t\t\t\t<span class=\"elementor-accordion-icon-closed\"><i class=\"fas fa-plus\"><\/i><\/span>\n\t\t\t\t\t\t\t\t<span class=\"elementor-accordion-icon-opened\"><i class=\"fas fa-minus\"><\/i><\/span>\n\t\t\t\t\t\t\t\t\t\t\t\t\t\t<\/span>\n\t\t\t\t\t\t\t\t\t\t\t\t<a class=\"elementor-accordion-title\" tabindex=\"0\">Datos Curiosos\/ Historia:<\/a>\n\t\t\t\t\t<\/div>\n\t\t\t\t\t<div id=\"elementor-tab-content-2272\" class=\"elementor-tab-content elementor-clearfix\" data-tab=\"2\" role=\"region\" aria-labelledby=\"elementor-tab-title-2272\"><p>El municipio abarca 491.37 km\u00b2, convirti\u00e9ndolo en el noveno municipio m\u00e1s extenso del estado de Puebla.<\/p>\n<p>En Tehuitzingo, existe una Presa entre las poblaciones de La Noria Hidalgo y Boqueroncito que sirve para el riego de la siembra de sand\u00eda, papaya y ma\u00edz principalmente.<\/p>\n<p>Su fundaci\u00f3n se remonta a la \u00e9poca prehisp\u00e1nica y fue hecha por grupos chochopopolocas y mixtecos. Fue Cuartel General de Don Mariano Matamoros, cura insurgente en 1812. Perteneci\u00f3 al antiguo distrito de Acatl\u00e1n. En 1897 es constituido como municipio libre. La Iglesia parroquial dedicada a la custodia de San Miguel Arc\u00e1ngel data del siglo XVI.<\/p>\n<p>El territorio del municipio forma parte de la provincia geol\u00f3gica del Eje Neovolc\u00e1nico. El norte est\u00e1 integrado parte del Valle de Matamoros, caracterizado por su clima c\u00e1lido propio para el cultivo de la&nbsp;<a href=\"https:\/\/es.wikipedia.org\/wiki\/Ca%C3%B1a_de_az%C3%BAcar\">ca\u00f1a de az\u00facar<\/a>. La parte sur, donde se encuentra la cabecera municipal, est\u00e1 constituida por una serie de peque\u00f1os valles intermontanos de la&nbsp;<a href=\"https:\/\/es.wikipedia.org\/wiki\/Sierra_Mixteca\">Sierra Mixteca<\/a>. Atraviesa a Tehuitzingo el&nbsp;<a href=\"https:\/\/es.wikipedia.org\/wiki\/R%C3%ADo_Atoyac_(Puebla)\">r\u00edo Atoyac<\/a>, que es uno de los r\u00edos que dan origen al&nbsp;<a href=\"https:\/\/es.wikipedia.org\/wiki\/R%C3%ADo_Balsas\">r\u00edo Balsas<\/a>. En Tehuitzingo, existe una Presa entre las poblaciones de La Noria Hidalgo y Boqueroncito que sirve para el riego de la siembra de sand\u00eda, papaya y ma\u00edz principalmente.<\/p>\n<p>Cuentan con la Iglesia parroquial dedicada a la custodia de San Miguel Arc\u00e1ngel data del siglo XVI, la cual permanece abierta todo el a\u00f1o para la recepci\u00f3n de los fieles que con devoci\u00f3n se acercan.<\/p>\n<p>El 29 de septiembre celebran la fiesta patronal.<\/p>\n<p>M\u00fasica: Banda de vientos.<\/p>\n<p>Artesan\u00eda: cazuelas, macetas, ollas y tinajas de barro.<\/p><\/div>\n\t\t\t\t<\/div>\n\t\t\t\t\t\t\t<div class=\"elementor-accordion-item\">\n\t\t\t\t\t<div id=\"elementor-tab-title-2273\" class=\"elementor-tab-title\" data-tab=\"3\" role=\"button\" aria-controls=\"elementor-tab-content-2273\" aria-expanded=\"false\">\n\t\t\t\t\t\t\t\t\t\t\t\t\t<span class=\"elementor-accordion-icon elementor-accordion-icon-left\" aria-hidden=\"true\">\n\t\t\t\t\t\t\t\t\t\t\t\t\t\t\t<span class=\"elementor-accordion-icon-closed\"><i class=\"fas fa-plus\"><\/i><\/span>\n\t\t\t\t\t\t\t\t<span class=\"elementor-accordion-icon-opened\"><i class=\"fas fa-minus\"><\/i><\/span>\n\t\t\t\t\t\t\t\t\t\t\t\t\t\t<\/span>\n\t\t\t\t\t\t\t\t\t\t\t\t<a class=\"elementor-accordion-title\" tabindex=\"0\">Gastronom\u00eda:<\/a>\n\t\t\t\t\t<\/div>\n\t\t\t\t\t<div id=\"elementor-tab-content-2273\" class=\"elementor-tab-content elementor-clearfix\" data-tab=\"3\" role=\"region\" aria-labelledby=\"elementor-tab-title-2273\"><p>Entre sus platillos m\u00e1s tradicionales se encuentran el mole poblano, pipi\u00e1n y tamales.<\/p><\/div>\n\t\t\t\t<\/div>\n\t\t\t\t\t\t\t\t<\/div>\n\t\t\t\t<\/div>\n\t\t\t\t<\/div>\n\t\t\t\t\t<\/div>\n\t\t<\/div>\n\t\t\t\t\t\t\t<\/div>\n\t\t<\/section>\n\t\t\t\t\t\t\t<\/div>\n\t\t","protected":false},"excerpt":{"rendered":"<p>TEHUITZINGO Poblaci\u00f3n: Poblaci\u00f3n: 12,672 Etimolog\u00eda:&nbsp;Del N\u00e1huatl: ehuiztli-tzintli-co&nbsp;\u2018Piedra filosa-peque\u00f1a-lugar \u201cLugar de piedritas filosas\u201d. Datos Curiosos\/ Historia: El municipio abarca 491.37 km\u00b2, convirti\u00e9ndolo en el noveno municipio m\u00e1s extenso del estado de Puebla. En Tehuitzingo, existe una Presa entre las poblaciones de La Noria Hidalgo y Boqueroncito que sirve para el riego de la siembra de sand\u00eda, [&hellip;]<\/p>\n","protected":false},"author":3,"featured_media":0,"parent":0,"menu_order":0,"comment_status":"closed","ping_status":"closed","template":"elementor_canvas","meta":{"footnotes":""},"yoast_head":"<!-- This site is optimized with the Yoast SEO Premium plugin v20.1 (Yoast SEO v20.10) - https:\/\/yoast.com\/wordpress\/plugins\/seo\/ -->\n<title>TEHUITZINGO | Mujer Transformadora<\/title>\n<meta name=\"robots\" content=\"index, follow, max-snippet:-1, max-image-preview:large, max-video-preview:-1\" \/>\n<link rel=\"canonical\" href=\"https:\/\/riveravivanco.com\/index.php\/tehuitzingo\/\" \/>\n<meta property=\"og:locale\" content=\"en_US\" \/>\n<meta property=\"og:type\" content=\"article\" \/>\n<meta property=\"og:title\" content=\"TEHUITZINGO\" \/>\n<meta property=\"og:description\" content=\"TEHUITZINGO Poblaci\u00f3n: Poblaci\u00f3n: 12,672 Etimolog\u00eda:&nbsp;Del N\u00e1huatl: ehuiztli-tzintli-co&nbsp;\u2018Piedra filosa-peque\u00f1a-lugar \u201cLugar de piedritas filosas\u201d. Datos Curiosos\/ Historia: El municipio abarca 491.37 km\u00b2, convirti\u00e9ndolo en el noveno municipio m\u00e1s extenso del estado de Puebla. En Tehuitzingo, existe una Presa entre las poblaciones de La Noria Hidalgo y Boqueroncito que sirve para el riego de la siembra de sand\u00eda, [&hellip;]\" \/>\n<meta property=\"og:url\" content=\"https:\/\/riveravivanco.com\/index.php\/tehuitzingo\/\" \/>\n<meta property=\"og:site_name\" content=\"Mujer Transformadora\" \/>\n<meta property=\"article:publisher\" content=\"https:\/\/www.facebook.com\/ClauRiveraVivanco\" \/>\n<meta property=\"article:modified_time\" content=\"2023-02-28T17:22:36+00:00\" \/>\n<meta property=\"og:image\" content=\"https:\/\/riveravivanco.com\/wp-content\/uploads\/2023\/02\/MT2.png\" \/>\n\t<meta property=\"og:image:width\" content=\"721\" \/>\n\t<meta property=\"og:image:height\" content=\"721\" \/>\n\t<meta property=\"og:image:type\" content=\"image\/png\" \/>\n<meta name=\"twitter:card\" content=\"summary_large_image\" \/>\n<meta name=\"twitter:site\" content=\"@RiveraVivanco_\" \/>\n<meta name=\"twitter:label1\" content=\"Est. reading time\" \/>\n\t<meta name=\"twitter:data1\" content=\"2 minutes\" \/>\n<script type=\"application\/ld+json\" class=\"yoast-schema-graph\">{\"@context\":\"https:\/\/schema.org\",\"@graph\":[{\"@type\":\"WebPage\",\"@id\":\"https:\/\/riveravivanco.com\/index.php\/tehuitzingo\/\",\"url\":\"https:\/\/riveravivanco.com\/index.php\/tehuitzingo\/\",\"name\":\"TEHUITZINGO | Mujer Transformadora\",\"isPartOf\":{\"@id\":\"https:\/\/riveravivanco.com\/#website\"},\"datePublished\":\"2023-02-10T01:43:41+00:00\",\"dateModified\":\"2023-02-28T17:22:36+00:00\",\"breadcrumb\":{\"@id\":\"https:\/\/riveravivanco.com\/index.php\/tehuitzingo\/#breadcrumb\"},\"inLanguage\":\"en-US\",\"potentialAction\":[{\"@type\":\"ReadAction\",\"target\":[\"https:\/\/riveravivanco.com\/index.php\/tehuitzingo\/\"]}]},{\"@type\":\"BreadcrumbList\",\"@id\":\"https:\/\/riveravivanco.com\/index.php\/tehuitzingo\/#breadcrumb\",\"itemListElement\":[{\"@type\":\"ListItem\",\"position\":1,\"name\":\"Home\",\"item\":\"https:\/\/riveravivanco.com\/\"},{\"@type\":\"ListItem\",\"position\":2,\"name\":\"TEHUITZINGO\"}]},{\"@type\":\"WebSite\",\"@id\":\"https:\/\/riveravivanco.com\/#website\",\"url\":\"https:\/\/riveravivanco.com\/\",\"name\":\"Mujer Transformadora\",\"description\":\"#Mujer Transformadora es el espacio de las mujeres poblanas y de todos aquellos que compartimos sus causas, sin importar edad, sexo o condici\u00f3n social.\",\"publisher\":{\"@id\":\"https:\/\/riveravivanco.com\/#organization\"},\"alternateName\":\"Mujer Transformadora\",\"potentialAction\":[{\"@type\":\"SearchAction\",\"target\":{\"@type\":\"EntryPoint\",\"urlTemplate\":\"https:\/\/riveravivanco.com\/?s={search_term_string}\"},\"query-input\":\"required name=search_term_string\"}],\"inLanguage\":\"en-US\"},{\"@type\":\"Organization\",\"@id\":\"https:\/\/riveravivanco.com\/#organization\",\"name\":\"Mujer Transformadora\",\"alternateName\":\"Mujer Transformadora\",\"url\":\"https:\/\/riveravivanco.com\/\",\"logo\":{\"@type\":\"ImageObject\",\"inLanguage\":\"en-US\",\"@id\":\"https:\/\/riveravivanco.com\/#\/schema\/logo\/image\/\",\"url\":\"https:\/\/riveravivanco.com\/wp-content\/uploads\/2023\/02\/cropped-MT2.png\",\"contentUrl\":\"https:\/\/riveravivanco.com\/wp-content\/uploads\/2023\/02\/cropped-MT2.png\",\"width\":512,\"height\":512,\"caption\":\"Mujer Transformadora\"},\"image\":{\"@id\":\"https:\/\/riveravivanco.com\/#\/schema\/logo\/image\/\"},\"sameAs\":[\"https:\/\/www.facebook.com\/ClauRiveraVivanco\",\"https:\/\/twitter.com\/RiveraVivanco_\",\"https:\/\/www.instagram.com\/riveravivanco_\/\",\"https:\/\/www.tiktok.com\/@riveravivanco\",\"https:\/\/www.youtube.com\/@RiveraVivanco\"]}]}<\/script>\n<!-- \/ Yoast SEO Premium plugin. -->","yoast_head_json":{"title":"TEHUITZINGO | Mujer Transformadora","robots":{"index":"index","follow":"follow","max-snippet":"max-snippet:-1","max-image-preview":"max-image-preview:large","max-video-preview":"max-video-preview:-1"},"canonical":"https:\/\/riveravivanco.com\/index.php\/tehuitzingo\/","og_locale":"en_US","og_type":"article","og_title":"TEHUITZINGO","og_description":"TEHUITZINGO Poblaci\u00f3n: Poblaci\u00f3n: 12,672 Etimolog\u00eda:&nbsp;Del N\u00e1huatl: ehuiztli-tzintli-co&nbsp;\u2018Piedra filosa-peque\u00f1a-lugar \u201cLugar de piedritas filosas\u201d. Datos Curiosos\/ Historia: El municipio abarca 491.37 km\u00b2, convirti\u00e9ndolo en el noveno municipio m\u00e1s extenso del estado de Puebla. En Tehuitzingo, existe una Presa entre las poblaciones de La Noria Hidalgo y Boqueroncito que sirve para el riego de la siembra de sand\u00eda, [&hellip;]","og_url":"https:\/\/riveravivanco.com\/index.php\/tehuitzingo\/","og_site_name":"Mujer Transformadora","article_publisher":"https:\/\/www.facebook.com\/ClauRiveraVivanco","article_modified_time":"2023-02-28T17:22:36+00:00","og_image":[{"width":721,"height":721,"url":"https:\/\/riveravivanco.com\/wp-content\/uploads\/2023\/02\/MT2.png","type":"image\/png"}],"twitter_card":"summary_large_image","twitter_site":"@RiveraVivanco_","twitter_misc":{"Est. reading time":"2 minutes"},"schema":{"@context":"https:\/\/schema.org","@graph":[{"@type":"WebPage","@id":"https:\/\/riveravivanco.com\/index.php\/tehuitzingo\/","url":"https:\/\/riveravivanco.com\/index.php\/tehuitzingo\/","name":"TEHUITZINGO | Mujer Transformadora","isPartOf":{"@id":"https:\/\/riveravivanco.com\/#website"},"datePublished":"2023-02-10T01:43:41+00:00","dateModified":"2023-02-28T17:22:36+00:00","breadcrumb":{"@id":"https:\/\/riveravivanco.com\/index.php\/tehuitzingo\/#breadcrumb"},"inLanguage":"en-US","potentialAction":[{"@type":"ReadAction","target":["https:\/\/riveravivanco.com\/index.php\/tehuitzingo\/"]}]},{"@type":"BreadcrumbList","@id":"https:\/\/riveravivanco.com\/index.php\/tehuitzingo\/#breadcrumb","itemListElement":[{"@type":"ListItem","position":1,"name":"Home","item":"https:\/\/riveravivanco.com\/"},{"@type":"ListItem","position":2,"name":"TEHUITZINGO"}]},{"@type":"WebSite","@id":"https:\/\/riveravivanco.com\/#website","url":"https:\/\/riveravivanco.com\/","name":"Mujer Transformadora","description":"#Mujer Transformadora es el espacio de las mujeres poblanas y de todos aquellos que compartimos sus causas, sin importar edad, sexo o condici\u00f3n social.","publisher":{"@id":"https:\/\/riveravivanco.com\/#organization"},"alternateName":"Mujer Transformadora","potentialAction":[{"@type":"SearchAction","target":{"@type":"EntryPoint","urlTemplate":"https:\/\/riveravivanco.com\/?s={search_term_string}"},"query-input":"required name=search_term_string"}],"inLanguage":"en-US"},{"@type":"Organization","@id":"https:\/\/riveravivanco.com\/#organization","name":"Mujer Transformadora","alternateName":"Mujer Transformadora","url":"https:\/\/riveravivanco.com\/","logo":{"@type":"ImageObject","inLanguage":"en-US","@id":"https:\/\/riveravivanco.com\/#\/schema\/logo\/image\/","url":"https:\/\/riveravivanco.com\/wp-content\/uploads\/2023\/02\/cropped-MT2.png","contentUrl":"https:\/\/riveravivanco.com\/wp-content\/uploads\/2023\/02\/cropped-MT2.png","width":512,"height":512,"caption":"Mujer Transformadora"},"image":{"@id":"https:\/\/riveravivanco.com\/#\/schema\/logo\/image\/"},"sameAs":["https:\/\/www.facebook.com\/ClauRiveraVivanco","https:\/\/twitter.com\/RiveraVivanco_","https:\/\/www.instagram.com\/riveravivanco_\/","https:\/\/www.tiktok.com\/@riveravivanco","https:\/\/www.youtube.com\/@RiveraVivanco"]}]}},"_links":{"self":[{"href":"https:\/\/riveravivanco.com\/index.php\/wp-json\/wp\/v2\/pages\/336"}],"collection":[{"href":"https:\/\/riveravivanco.com\/index.php\/wp-json\/wp\/v2\/pages"}],"about":[{"href":"https:\/\/riveravivanco.com\/index.php\/wp-json\/wp\/v2\/types\/page"}],"author":[{"embeddable":true,"href":"https:\/\/riveravivanco.com\/index.php\/wp-json\/wp\/v2\/users\/3"}],"replies":[{"embeddable":true,"href":"https:\/\/riveravivanco.com\/index.php\/wp-json\/wp\/v2\/comments?post=336"}],"version-history":[{"count":0,"href":"https:\/\/riveravivanco.com\/index.php\/wp-json\/wp\/v2\/pages\/336\/revisions"}],"wp:attachment":[{"href":"https:\/\/riveravivanco.com\/index.php\/wp-json\/wp\/v2\/media?parent=336"}],"curies":[{"name":"wp","href":"https:\/\/api.w.org\/{rel}","templated":true}]}}